{"id":250,"date":"2023-08-21T16:00:03","date_gmt":"2023-08-21T14:00:03","guid":{"rendered":"http:\/\/www.conciergeriecrepidule.com\/?page_id=250"},"modified":"2024-01-05T18:47:25","modified_gmt":"2024-01-05T17:47:25","slug":"menages","status":"publish","type":"page","link":"http:\/\/www.conciergeriecrepidule.com\/?page_id=250","title":{"rendered":"MENAGE"},"content":{"rendered":"\t\t<div data-elementor-type=\"wp-page\" data-elementor-id=\"250\" class=\"elementor elementor-250\">\n\t\t\t\t\t\t\t\t\t<section class=\"elementor-section elementor-top-section elementor-element elementor-element-5bde2f2d elementor-section-boxed elementor-section-height-default elementor-section-height-default\" data-id=\"5bde2f2d\" data-element_type=\"section\">\n\t\t\t\t\t\t<div class=\"elementor-container elementor-column-gap-default\">\n\t\t\t\t\t<div class=\"elementor-column elementor-col-100 elementor-top-column elementor-element elementor-element-4c5e21d6\" data-id=\"4c5e21d6\" data-element_type=\"column\">\n\t\t\t<div class=\"elementor-widget-wrap elementor-element-populated\">\n\t\t\t\t\t\t\t\t<div class=\"elementor-element elementor-element-bc993f8 elementor-widget elementor-widget-text-editor\" data-id=\"bc993f8\" data-element_type=\"widget\" data-widget_type=\"text-editor.default\">\n\t\t\t\t<div class=\"elementor-widget-container\">\n\t\t\t<style>\/*! elementor - v3.12.0 - 29-03-2023 *\/\n.elementor-widget-text-editor.elementor-drop-cap-view-stacked .elementor-drop-cap{background-color:#69727d;color:#fff}.elementor-widget-text-editor.elementor-drop-cap-view-framed .elementor-drop-cap{color:#69727d;border:3px solid;background-color:transparent}.elementor-widget-text-editor:not(.elementor-drop-cap-view-default) .elementor-drop-cap{margin-top:8px}.elementor-widget-text-editor:not(.elementor-drop-cap-view-default) .elementor-drop-cap-letter{width:1em;height:1em}.elementor-widget-text-editor .elementor-drop-cap{float:left;text-align:center;line-height:1;font-size:50px}.elementor-widget-text-editor .elementor-drop-cap-letter{display:inline-block}<\/style>\t\t\t\t<p><!-- wp:quote --><\/p>\n<blockquote class=\"wp-block-quote\">\n<p><!-- wp:paragraph --><\/p>\n<p><strong><span style=\"vertical-align: inherit;\"><span style=\"vertical-align: inherit;\">M\u00e9nage ponctuel<\/span><\/span><\/strong><\/p>\n<p><!-- \/wp:paragraph --><cite><span style=\"vertical-align: inherit;\"><span style=\"vertical-align: inherit;\">A partir de 15\u20ac\/h<\/span><\/span><\/cite><\/p>\n<\/blockquote>\n<p><!-- \/wp:quote --><\/p>\n<p><!-- wp:list --><\/p>\n<ul>\n<li style=\"list-style-type: none;\">\n<ul><!-- wp:list-item --><\/ul>\n<\/li>\n<\/ul>\n<ul>\n<li style=\"list-style-type: none;\">\n<ul>\n<li><span style=\"vertical-align: inherit;\"><span style=\"vertical-align: inherit;\">\u00a0Lavage des sols, vitres, cuisine, salle de bain, WC<\/span><\/span><\/li>\n<\/ul>\n<\/li>\n<\/ul>\n<div>\u00a0<\/div>\n<p><!-- \/wp:list-item --><\/p>\n<p><!-- \/wp:list --><\/p>\n<p><!-- wp:quote --><\/p>\n<blockquote class=\"wp-block-quote\">\n<p><!-- wp:paragraph --><\/p>\n<p><strong><span style=\"vertical-align: inherit;\"><span style=\"vertical-align: inherit;\">Grand m\u00e9nage de printemps<\/span><\/span><\/strong><\/p>\n<p><!-- \/wp:paragraph --><cite><span style=\"vertical-align: inherit;\"><span style=\"vertical-align: inherit;\">A partir de 20\u20ac\/h<\/span><\/span><\/cite><\/p>\n<\/blockquote>\n<p><!-- \/wp:quote --><\/p>\n<p><!-- wp:list --><\/p>\n<ul>\n<li style=\"list-style-type: none;\">\n<ul><!-- wp:list-item --><\/ul>\n<\/li>\n<\/ul>\n<ul>\n<li style=\"list-style-type: none;\">\n<ul>\n<li><span style=\"vertical-align: inherit;\"><span style=\"vertical-align: inherit;\">C&#8217;est le printemps ! <\/span><span style=\"vertical-align: inherit;\">L&#8217;occasion pour effectuer un grand nettoyage en profondeur dans votre appartement mais aussi sur votre balcon, terrasse, jardin.<\/span><\/span><\/li>\n<\/ul>\n<\/li>\n<\/ul>\n<p><!-- \/wp:list-item --><\/p>\n<p><!-- \/wp:list --><\/p>\n<p><!-- wp:quote --><\/p>\n<blockquote class=\"wp-block-quote\">\n<p><!-- wp:paragraph --><\/p>\n<p><strong><span style=\"vertical-align: inherit;\"><span style=\"vertical-align: inherit;\">Grand m\u00e9nage pour l&#8217;\u00e9tat des lieux<\/span><\/span><\/strong><\/p>\n<p><!-- \/wp:paragraph --><cite><span style=\"vertical-align: inherit;\"><span style=\"vertical-align: inherit;\">A partir de 20\u20acHT\/h<\/span><\/span><\/cite><\/p>\n<\/blockquote>\n<p><!-- \/wp:quote --><\/p>\n<p><!-- wp:list --><\/p>\n<ul>\n<li style=\"list-style-type: none;\">\n<ul><!-- wp:list-item --><\/ul>\n<\/li>\n<\/ul>\n<ul>\n<li style=\"list-style-type: none;\">\n<ul>\n<li><span style=\"vertical-align: inherit;\"><span style=\"vertical-align: inherit;\">Nettoyer, d\u00e9poussi\u00e9rer et d\u00e9graisser les murs<\/span><\/span><\/li>\n<\/ul>\n<\/li>\n<\/ul>\n<p><!-- \/wp:list-item --><\/p>\n<p><!-- wp:list-item --><\/p>\n<ul>\n<li style=\"list-style-type: none;\">\n<ul>\n<li><span style=\"vertical-align: inherit;\"><span style=\"vertical-align: inherit;\">Laver les sols<\/span><\/span><\/li>\n<\/ul>\n<\/li>\n<\/ul>\n<p><!-- \/wp:list-item --><\/p>\n<p><!-- wp:list-item --><\/p>\n<ul>\n<li style=\"list-style-type: none;\">\n<ul>\n<li><span style=\"vertical-align: inherit;\"><span style=\"vertical-align: inherit;\">D\u00e9poussi\u00e9rer les plinthes et les huisseries<\/span><\/span><\/li>\n<\/ul>\n<\/li>\n<\/ul>\n<p><!-- \/wp:list-item --><\/p>\n<p><!-- wp:list-item --><\/p>\n<ul>\n<li style=\"list-style-type: none;\">\n<ul>\n<li><span style=\"vertical-align: inherit;\"><span style=\"vertical-align: inherit;\">R\u00e9curer les toilettes et d\u00e9tartrer les robinets<\/span><\/span><\/li>\n<\/ul>\n<\/li>\n<\/ul>\n<p><!-- \/wp:list-item --><\/p>\n<p><!-- wp:list-item --><\/p>\n<ul>\n<li style=\"list-style-type: none;\">\n<ul>\n<li><span style=\"vertical-align: inherit;\"><span style=\"vertical-align: inherit;\">Nettoyer de fond en comble votre salle de bain<\/span><\/span><\/li>\n<\/ul>\n<\/li>\n<\/ul>\n<p><!-- \/wp:list-item --><\/p>\n<p><!-- wp:list-item --><\/p>\n<ul>\n<li style=\"list-style-type: none;\">\n<ul>\n<li><span style=\"vertical-align: inherit;\"><span style=\"vertical-align: inherit;\">D\u00e9crasser l&#8217;\u00e9lectrom\u00e9nager<\/span><\/span><\/li>\n<\/ul>\n<\/li>\n<\/ul>\n<p><!-- \/wp:list-item --><\/p>\n<p><!-- \/wp:list --><\/p>\t\t\t\t\t\t<\/div>\n\t\t\t\t<\/div>\n\t\t\t\t\t<\/div>\n\t\t<\/div>\n\t\t\t\t\t\t\t<\/div>\n\t\t<\/section>\n\t\t\t\t<section class=\"elementor-section elementor-top-section elementor-element elementor-element-a42de35 elementor-section-boxed elementor-section-height-default elementor-section-height-default\" data-id=\"a42de35\" data-element_type=\"section\">\n\t\t\t\t\t\t<div class=\"elementor-container elementor-column-gap-default\">\n\t\t\t\t\t<div class=\"elementor-column elementor-col-100 elementor-top-column elementor-element elementor-element-c94a0e4\" data-id=\"c94a0e4\" data-element_type=\"column\">\n\t\t\t<div class=\"elementor-widget-wrap\">\n\t\t\t\t\t\t\t\t\t<\/div>\n\t\t<\/div>\n\t\t\t\t\t\t\t<\/div>\n\t\t<\/section>\n\t\t\t\t\t\t\t<\/div>\n\t\t","protected":false},"excerpt":{"rendered":"<p>M\u00e9nage ponctuel A partir de 15\u20ac\/h Grand m\u00e9nage de printemps A partir de 20\u20ac\/h Grand m\u00e9nage pour l&#8217;\u00e9tat des lieux A partir de 20\u20acHT\/h<\/p>\n","protected":false},"author":1,"featured_media":0,"parent":0,"menu_order":0,"comment_status":"closed","ping_status":"closed","template":"","meta":{"footnotes":""},"class_list":["post-250","page","type-page","status-publish","hentry"],"yoast_head":"<!-- This site is optimized with the Yoast SEO plugin v20.4 - https:\/\/yoast.com\/wordpress\/plugins\/seo\/ -->\n<title>MENAGE - conciergerie crepidule<\/title>\n<meta name=\"robots\" content=\"index, follow, max-snippet:-1, max-image-preview:large, max-video-preview:-1\" \/>\n<link rel=\"canonical\" href=\"http:\/\/www.conciergeriecrepidule.com\/?page_id=250\" \/>\n<meta property=\"og:locale\" content=\"en_US\" \/>\n<meta property=\"og:type\" content=\"article\" \/>\n<meta property=\"og:title\" content=\"MENAGE - conciergerie crepidule\" \/>\n<meta property=\"og:description\" content=\"M\u00e9nage ponctuel A partir de 15\u20ac\/h Grand m\u00e9nage de printemps A partir de 20\u20ac\/h Grand m\u00e9nage pour l&#8217;\u00e9tat des lieux A partir de 20\u20acHT\/h\" \/>\n<meta property=\"og:url\" content=\"http:\/\/www.conciergeriecrepidule.com\/?page_id=250\" \/>\n<meta property=\"og:site_name\" content=\"conciergerie crepidule\" \/>\n<meta property=\"article:publisher\" content=\"https:\/\/www.facebook.com\/profile.php?id=100090717452879\" \/>\n<meta property=\"article:modified_time\" content=\"2024-01-05T17:47:25+00:00\" \/>\n<meta name=\"twitter:card\" content=\"summary_large_image\" \/>\n<meta name=\"twitter:label1\" content=\"Est. reading time\" \/>\n\t<meta name=\"twitter:data1\" content=\"1 minute\" \/>\n<script type=\"application\/ld+json\" class=\"yoast-schema-graph\">{\"@context\":\"https:\/\/schema.org\",\"@graph\":[{\"@type\":\"WebPage\",\"@id\":\"http:\/\/www.conciergeriecrepidule.com\/?page_id=250\",\"url\":\"http:\/\/www.conciergeriecrepidule.com\/?page_id=250\",\"name\":\"MENAGE - conciergerie crepidule\",\"isPartOf\":{\"@id\":\"https:\/\/www.conciergeriecrepidule.com\/#website\"},\"datePublished\":\"2023-08-21T14:00:03+00:00\",\"dateModified\":\"2024-01-05T17:47:25+00:00\",\"breadcrumb\":{\"@id\":\"http:\/\/www.conciergeriecrepidule.com\/?page_id=250#breadcrumb\"},\"inLanguage\":\"en-US\",\"potentialAction\":[{\"@type\":\"ReadAction\",\"target\":[\"http:\/\/www.conciergeriecrepidule.com\/?page_id=250\"]}]},{\"@type\":\"BreadcrumbList\",\"@id\":\"http:\/\/www.conciergeriecrepidule.com\/?page_id=250#breadcrumb\",\"itemListElement\":[{\"@type\":\"ListItem\",\"position\":1,\"name\":\"Accueil\",\"item\":\"https:\/\/www.conciergeriecrepidule.com\/\"},{\"@type\":\"ListItem\",\"position\":2,\"name\":\"MENAGE\"}]},{\"@type\":\"WebSite\",\"@id\":\"https:\/\/www.conciergeriecrepidule.com\/#website\",\"url\":\"https:\/\/www.conciergeriecrepidule.com\/\",\"name\":\"Conciergerie Cr\u00e9pidule\",\"description\":\"conciergerie cr\u00e9pidule\",\"publisher\":{\"@id\":\"https:\/\/www.conciergeriecrepidule.com\/#organization\"},\"potentialAction\":[{\"@type\":\"SearchAction\",\"target\":{\"@type\":\"EntryPoint\",\"urlTemplate\":\"https:\/\/www.conciergeriecrepidule.com\/?s={search_term_string}\"},\"query-input\":\"required name=search_term_string\"}],\"inLanguage\":\"en-US\"},{\"@type\":\"Organization\",\"@id\":\"https:\/\/www.conciergeriecrepidule.com\/#organization\",\"name\":\"Conciergerie Cr\u00e9pidule\",\"url\":\"https:\/\/www.conciergeriecrepidule.com\/\",\"logo\":{\"@type\":\"ImageObject\",\"inLanguage\":\"en-US\",\"@id\":\"https:\/\/www.conciergeriecrepidule.com\/#\/schema\/logo\/image\/\",\"url\":\"http:\/\/www.conciergeriecrepidule.com\/wp-content\/uploads\/2023\/03\/Nouscontacter-1-1.png\",\"contentUrl\":\"http:\/\/www.conciergeriecrepidule.com\/wp-content\/uploads\/2023\/03\/Nouscontacter-1-1.png\",\"width\":498,\"height\":240,\"caption\":\"Conciergerie Cr\u00e9pidule\"},\"image\":{\"@id\":\"https:\/\/www.conciergeriecrepidule.com\/#\/schema\/logo\/image\/\"},\"sameAs\":[\"https:\/\/www.facebook.com\/profile.php?id=100090717452879\",\"https:\/\/www.instagram.com\/conciergerie.crepidule\/\"]}]}<\/script>\n<!-- \/ Yoast SEO plugin. -->","yoast_head_json":{"title":"MENAGE - conciergerie crepidule","robots":{"index":"index","follow":"follow","max-snippet":"max-snippet:-1","max-image-preview":"max-image-preview:large","max-video-preview":"max-video-preview:-1"},"canonical":"http:\/\/www.conciergeriecrepidule.com\/?page_id=250","og_locale":"en_US","og_type":"article","og_title":"MENAGE - conciergerie crepidule","og_description":"M\u00e9nage ponctuel A partir de 15\u20ac\/h Grand m\u00e9nage de printemps A partir de 20\u20ac\/h Grand m\u00e9nage pour l&#8217;\u00e9tat des lieux A partir de 20\u20acHT\/h","og_url":"http:\/\/www.conciergeriecrepidule.com\/?page_id=250","og_site_name":"conciergerie crepidule","article_publisher":"https:\/\/www.facebook.com\/profile.php?id=100090717452879","article_modified_time":"2024-01-05T17:47:25+00:00","twitter_card":"summary_large_image","twitter_misc":{"Est. reading time":"1 minute"},"schema":{"@context":"https:\/\/schema.org","@graph":[{"@type":"WebPage","@id":"http:\/\/www.conciergeriecrepidule.com\/?page_id=250","url":"http:\/\/www.conciergeriecrepidule.com\/?page_id=250","name":"MENAGE - conciergerie crepidule","isPartOf":{"@id":"https:\/\/www.conciergeriecrepidule.com\/#website"},"datePublished":"2023-08-21T14:00:03+00:00","dateModified":"2024-01-05T17:47:25+00:00","breadcrumb":{"@id":"http:\/\/www.conciergeriecrepidule.com\/?page_id=250#breadcrumb"},"inLanguage":"en-US","potentialAction":[{"@type":"ReadAction","target":["http:\/\/www.conciergeriecrepidule.com\/?page_id=250"]}]},{"@type":"BreadcrumbList","@id":"http:\/\/www.conciergeriecrepidule.com\/?page_id=250#breadcrumb","itemListElement":[{"@type":"ListItem","position":1,"name":"Accueil","item":"https:\/\/www.conciergeriecrepidule.com\/"},{"@type":"ListItem","position":2,"name":"MENAGE"}]},{"@type":"WebSite","@id":"https:\/\/www.conciergeriecrepidule.com\/#website","url":"https:\/\/www.conciergeriecrepidule.com\/","name":"Conciergerie Cr\u00e9pidule","description":"conciergerie cr\u00e9pidule","publisher":{"@id":"https:\/\/www.conciergeriecrepidule.com\/#organization"},"potentialAction":[{"@type":"SearchAction","target":{"@type":"EntryPoint","urlTemplate":"https:\/\/www.conciergeriecrepidule.com\/?s={search_term_string}"},"query-input":"required name=search_term_string"}],"inLanguage":"en-US"},{"@type":"Organization","@id":"https:\/\/www.conciergeriecrepidule.com\/#organization","name":"Conciergerie Cr\u00e9pidule","url":"https:\/\/www.conciergeriecrepidule.com\/","logo":{"@type":"ImageObject","inLanguage":"en-US","@id":"https:\/\/www.conciergeriecrepidule.com\/#\/schema\/logo\/image\/","url":"http:\/\/www.conciergeriecrepidule.com\/wp-content\/uploads\/2023\/03\/Nouscontacter-1-1.png","contentUrl":"http:\/\/www.conciergeriecrepidule.com\/wp-content\/uploads\/2023\/03\/Nouscontacter-1-1.png","width":498,"height":240,"caption":"Conciergerie Cr\u00e9pidule"},"image":{"@id":"https:\/\/www.conciergeriecrepidule.com\/#\/schema\/logo\/image\/"},"sameAs":["https:\/\/www.facebook.com\/profile.php?id=100090717452879","https:\/\/www.instagram.com\/conciergerie.crepidule\/"]}]}},"_links":{"self":[{"href":"http:\/\/www.conciergeriecrepidule.com\/index.php?rest_route=\/wp\/v2\/pages\/250","targetHints":{"allow":["GET"]}}],"collection":[{"href":"http:\/\/www.conciergeriecrepidule.com\/index.php?rest_route=\/wp\/v2\/pages"}],"about":[{"href":"http:\/\/www.conciergeriecrepidule.com\/index.php?rest_route=\/wp\/v2\/types\/page"}],"author":[{"embeddable":true,"href":"http:\/\/www.conciergeriecrepidule.com\/index.php?rest_route=\/wp\/v2\/users\/1"}],"replies":[{"embeddable":true,"href":"http:\/\/www.conciergeriecrepidule.com\/index.php?rest_route=%2Fwp%2Fv2%2Fcomments&post=250"}],"version-history":[{"count":6,"href":"http:\/\/www.conciergeriecrepidule.com\/index.php?rest_route=\/wp\/v2\/pages\/250\/revisions"}],"predecessor-version":[{"id":260,"href":"http:\/\/www.conciergeriecrepidule.com\/index.php?rest_route=\/wp\/v2\/pages\/250\/revisions\/260"}],"wp:attachment":[{"href":"http:\/\/www.conciergeriecrepidule.com\/index.php?rest_route=%2Fwp%2Fv2%2Fmedia&parent=250"}],"curies":[{"name":"wp","href":"https:\/\/api.w.org\/{rel}","templated":true}]}}