{"id":83,"date":"2023-03-29T22:38:22","date_gmt":"2023-03-29T20:38:22","guid":{"rendered":"http:\/\/www.conciergeriecrepidule.com\/?page_id=83"},"modified":"2024-01-05T18:50:21","modified_gmt":"2024-01-05T17:50:21","slug":"a-propos","status":"publish","type":"page","link":"http:\/\/www.conciergeriecrepidule.com\/?page_id=83","title":{"rendered":"NOUS CONTACTER"},"content":{"rendered":"\n<h1 class=\"wp-block-heading has-large-font-size\"><strong>NOUS CONTACTER<\/strong><\/h1>\n\n\n\n<p><\/p>\n\n\n\n<div class=\"wp-block-group\"><div class=\"wp-block-group__inner-container is-layout-constrained wp-block-group-is-layout-constrained\">\n<div class=\"wp-block-group\"><div class=\"wp-block-group__inner-container is-layout-constrained wp-block-group-is-layout-constrained\">\n<p class=\"has-text-align-center has-medium-font-size\">La Conciergerie Cr\u00e9pidule accompagne ses clients dans la gestion de leur bien immobilier gr\u00e2ce \u00e0 nos services de conciergerie adapt\u00e9s \u00e0 vos besoins.<\/p>\n<\/div><\/div>\n\n\n\n<blockquote class=\"wp-block-quote is-layout-flow wp-block-quote-is-layout-flow\">\n<p class=\"has-text-align-center\">&#8220;Vous placer au c\u0153ur de nos pr\u00e9occupations<\/p>\n\n\n\n<p class=\"has-text-align-center\">\u00catre \u00e0 votre \u00e9coute<\/p>\n\n\n\n<p class=\"has-text-align-center\">Vous accompagner<\/p>\n\n\n\n<p class=\"has-text-align-center\">Vous comprendre<\/p>\n\n\n\n<p class=\"has-text-align-center\">R\u00e9pondre \u00e0 vos exigences&#8221;<\/p>\n<\/blockquote>\n<\/div><\/div>\n\n\n\n<p class=\"has-text-align-center has-medium-font-size\">T\u00c9L\u00c9PHONE : 06 02 28 59 45 <\/p>\n\n\n\n<p class=\"has-text-align-center has-medium-font-size\">Email : conciergeriecrepidule@gmail.com<\/p>\n","protected":false},"excerpt":{"rendered":"<p>NOUS CONTACTER La Conciergerie Cr\u00e9pidule accompagne ses clients dans la gestion de leur bien immobilier gr\u00e2ce \u00e0 nos services de conciergerie adapt\u00e9s \u00e0 vos besoins.&hellip;<\/p>\n","protected":false},"author":1,"featured_media":0,"parent":0,"menu_order":0,"comment_status":"closed","ping_status":"closed","template":"","meta":{"footnotes":""},"class_list":["post-83","page","type-page","status-publish","hentry"],"yoast_head":"<!-- This site is optimized with the Yoast SEO plugin v20.4 - https:\/\/yoast.com\/wordpress\/plugins\/seo\/ -->\n<title>NOUS CONTACTER - conciergerie crepidule<\/title>\n<meta name=\"robots\" content=\"index, follow, max-snippet:-1, max-image-preview:large, max-video-preview:-1\" \/>\n<link rel=\"canonical\" href=\"http:\/\/www.conciergeriecrepidule.com\/?page_id=83\" \/>\n<meta property=\"og:locale\" content=\"en_US\" \/>\n<meta property=\"og:type\" content=\"article\" \/>\n<meta property=\"og:title\" content=\"NOUS CONTACTER - conciergerie crepidule\" \/>\n<meta property=\"og:description\" content=\"NOUS CONTACTER La Conciergerie Cr\u00e9pidule accompagne ses clients dans la gestion de leur bien immobilier gr\u00e2ce \u00e0 nos services de conciergerie adapt\u00e9s \u00e0 vos besoins.&hellip;\" \/>\n<meta property=\"og:url\" content=\"http:\/\/www.conciergeriecrepidule.com\/?page_id=83\" \/>\n<meta property=\"og:site_name\" content=\"conciergerie crepidule\" \/>\n<meta property=\"article:publisher\" content=\"https:\/\/www.facebook.com\/profile.php?id=100090717452879\" \/>\n<meta property=\"article:modified_time\" content=\"2024-01-05T17:50:21+00:00\" \/>\n<meta name=\"twitter:card\" content=\"summary_large_image\" \/>\n<meta name=\"twitter:label1\" content=\"Est. reading time\" \/>\n\t<meta name=\"twitter:data1\" content=\"1 minute\" \/>\n<script type=\"application\/ld+json\" class=\"yoast-schema-graph\">{\"@context\":\"https:\/\/schema.org\",\"@graph\":[{\"@type\":\"WebPage\",\"@id\":\"http:\/\/www.conciergeriecrepidule.com\/?page_id=83\",\"url\":\"http:\/\/www.conciergeriecrepidule.com\/?page_id=83\",\"name\":\"NOUS CONTACTER - conciergerie crepidule\",\"isPartOf\":{\"@id\":\"https:\/\/www.conciergeriecrepidule.com\/#website\"},\"datePublished\":\"2023-03-29T20:38:22+00:00\",\"dateModified\":\"2024-01-05T17:50:21+00:00\",\"breadcrumb\":{\"@id\":\"http:\/\/www.conciergeriecrepidule.com\/?page_id=83#breadcrumb\"},\"inLanguage\":\"en-US\",\"potentialAction\":[{\"@type\":\"ReadAction\",\"target\":[\"http:\/\/www.conciergeriecrepidule.com\/?page_id=83\"]}]},{\"@type\":\"BreadcrumbList\",\"@id\":\"http:\/\/www.conciergeriecrepidule.com\/?page_id=83#breadcrumb\",\"itemListElement\":[{\"@type\":\"ListItem\",\"position\":1,\"name\":\"Accueil\",\"item\":\"https:\/\/www.conciergeriecrepidule.com\/\"},{\"@type\":\"ListItem\",\"position\":2,\"name\":\"NOUS CONTACTER\"}]},{\"@type\":\"WebSite\",\"@id\":\"https:\/\/www.conciergeriecrepidule.com\/#website\",\"url\":\"https:\/\/www.conciergeriecrepidule.com\/\",\"name\":\"Conciergerie Cr\u00e9pidule\",\"description\":\"conciergerie cr\u00e9pidule\",\"publisher\":{\"@id\":\"https:\/\/www.conciergeriecrepidule.com\/#organization\"},\"potentialAction\":[{\"@type\":\"SearchAction\",\"target\":{\"@type\":\"EntryPoint\",\"urlTemplate\":\"https:\/\/www.conciergeriecrepidule.com\/?s={search_term_string}\"},\"query-input\":\"required name=search_term_string\"}],\"inLanguage\":\"en-US\"},{\"@type\":\"Organization\",\"@id\":\"https:\/\/www.conciergeriecrepidule.com\/#organization\",\"name\":\"Conciergerie Cr\u00e9pidule\",\"url\":\"https:\/\/www.conciergeriecrepidule.com\/\",\"logo\":{\"@type\":\"ImageObject\",\"inLanguage\":\"en-US\",\"@id\":\"https:\/\/www.conciergeriecrepidule.com\/#\/schema\/logo\/image\/\",\"url\":\"http:\/\/www.conciergeriecrepidule.com\/wp-content\/uploads\/2023\/03\/Nouscontacter-1-1.png\",\"contentUrl\":\"http:\/\/www.conciergeriecrepidule.com\/wp-content\/uploads\/2023\/03\/Nouscontacter-1-1.png\",\"width\":498,\"height\":240,\"caption\":\"Conciergerie Cr\u00e9pidule\"},\"image\":{\"@id\":\"https:\/\/www.conciergeriecrepidule.com\/#\/schema\/logo\/image\/\"},\"sameAs\":[\"https:\/\/www.facebook.com\/profile.php?id=100090717452879\",\"https:\/\/www.instagram.com\/conciergerie.crepidule\/\"]}]}<\/script>\n<!-- \/ Yoast SEO plugin. -->","yoast_head_json":{"title":"NOUS CONTACTER - conciergerie crepidule","robots":{"index":"index","follow":"follow","max-snippet":"max-snippet:-1","max-image-preview":"max-image-preview:large","max-video-preview":"max-video-preview:-1"},"canonical":"http:\/\/www.conciergeriecrepidule.com\/?page_id=83","og_locale":"en_US","og_type":"article","og_title":"NOUS CONTACTER - conciergerie crepidule","og_description":"NOUS CONTACTER La Conciergerie Cr\u00e9pidule accompagne ses clients dans la gestion de leur bien immobilier gr\u00e2ce \u00e0 nos services de conciergerie adapt\u00e9s \u00e0 vos besoins.&hellip;","og_url":"http:\/\/www.conciergeriecrepidule.com\/?page_id=83","og_site_name":"conciergerie crepidule","article_publisher":"https:\/\/www.facebook.com\/profile.php?id=100090717452879","article_modified_time":"2024-01-05T17:50:21+00:00","twitter_card":"summary_large_image","twitter_misc":{"Est. reading time":"1 minute"},"schema":{"@context":"https:\/\/schema.org","@graph":[{"@type":"WebPage","@id":"http:\/\/www.conciergeriecrepidule.com\/?page_id=83","url":"http:\/\/www.conciergeriecrepidule.com\/?page_id=83","name":"NOUS CONTACTER - conciergerie crepidule","isPartOf":{"@id":"https:\/\/www.conciergeriecrepidule.com\/#website"},"datePublished":"2023-03-29T20:38:22+00:00","dateModified":"2024-01-05T17:50:21+00:00","breadcrumb":{"@id":"http:\/\/www.conciergeriecrepidule.com\/?page_id=83#breadcrumb"},"inLanguage":"en-US","potentialAction":[{"@type":"ReadAction","target":["http:\/\/www.conciergeriecrepidule.com\/?page_id=83"]}]},{"@type":"BreadcrumbList","@id":"http:\/\/www.conciergeriecrepidule.com\/?page_id=83#breadcrumb","itemListElement":[{"@type":"ListItem","position":1,"name":"Accueil","item":"https:\/\/www.conciergeriecrepidule.com\/"},{"@type":"ListItem","position":2,"name":"NOUS CONTACTER"}]},{"@type":"WebSite","@id":"https:\/\/www.conciergeriecrepidule.com\/#website","url":"https:\/\/www.conciergeriecrepidule.com\/","name":"Conciergerie Cr\u00e9pidule","description":"conciergerie cr\u00e9pidule","publisher":{"@id":"https:\/\/www.conciergeriecrepidule.com\/#organization"},"potentialAction":[{"@type":"SearchAction","target":{"@type":"EntryPoint","urlTemplate":"https:\/\/www.conciergeriecrepidule.com\/?s={search_term_string}"},"query-input":"required name=search_term_string"}],"inLanguage":"en-US"},{"@type":"Organization","@id":"https:\/\/www.conciergeriecrepidule.com\/#organization","name":"Conciergerie Cr\u00e9pidule","url":"https:\/\/www.conciergeriecrepidule.com\/","logo":{"@type":"ImageObject","inLanguage":"en-US","@id":"https:\/\/www.conciergeriecrepidule.com\/#\/schema\/logo\/image\/","url":"http:\/\/www.conciergeriecrepidule.com\/wp-content\/uploads\/2023\/03\/Nouscontacter-1-1.png","contentUrl":"http:\/\/www.conciergeriecrepidule.com\/wp-content\/uploads\/2023\/03\/Nouscontacter-1-1.png","width":498,"height":240,"caption":"Conciergerie Cr\u00e9pidule"},"image":{"@id":"https:\/\/www.conciergeriecrepidule.com\/#\/schema\/logo\/image\/"},"sameAs":["https:\/\/www.facebook.com\/profile.php?id=100090717452879","https:\/\/www.instagram.com\/conciergerie.crepidule\/"]}]}},"_links":{"self":[{"href":"http:\/\/www.conciergeriecrepidule.com\/index.php?rest_route=\/wp\/v2\/pages\/83","targetHints":{"allow":["GET"]}}],"collection":[{"href":"http:\/\/www.conciergeriecrepidule.com\/index.php?rest_route=\/wp\/v2\/pages"}],"about":[{"href":"http:\/\/www.conciergeriecrepidule.com\/index.php?rest_route=\/wp\/v2\/types\/page"}],"author":[{"embeddable":true,"href":"http:\/\/www.conciergeriecrepidule.com\/index.php?rest_route=\/wp\/v2\/users\/1"}],"replies":[{"embeddable":true,"href":"http:\/\/www.conciergeriecrepidule.com\/index.php?rest_route=%2Fwp%2Fv2%2Fcomments&post=83"}],"version-history":[{"count":7,"href":"http:\/\/www.conciergeriecrepidule.com\/index.php?rest_route=\/wp\/v2\/pages\/83\/revisions"}],"predecessor-version":[{"id":263,"href":"http:\/\/www.conciergeriecrepidule.com\/index.php?rest_route=\/wp\/v2\/pages\/83\/revisions\/263"}],"wp:attachment":[{"href":"http:\/\/www.conciergeriecrepidule.com\/index.php?rest_route=%2Fwp%2Fv2%2Fmedia&parent=83"}],"curies":[{"name":"wp","href":"https:\/\/api.w.org\/{rel}","templated":true}]}}